rs of 5974?
2, 29, 103
List the prime factors of 21983.
13, 19, 89
What are the prime factors of 2679?
3, 19, 47
List the prime factors of 97244.
2, 7, 23, 151
What are the prime factors of 279?
3, 31
List the prime factors of 30267.
3, 19, 59
List the prime factors of 1986.
2, 3, 331
List the prime factors of 5288.
2, 661
What are the prime factors of 57838?
2, 11, 239
List the prime factors of 5809.
37, 157
List the prime factors of 65862.
2, 3, 3659
List the prime factors of 25508.
2, 7, 911
What are the prime factors of 472?
2, 59
List the prime factors of 125737.
125737
What are the prime factors of 5110?
2, 5, 7, 73
List the prime factors of 2019.
3, 673
List the prime factors of 124.
2, 31
What are the prime factors of 9001?
9001
List the prime factors of 5126.
2, 11, 233
List the prime factors of 11443.
11443
What are the prime factors of 22715?
5, 7, 11, 59
What are the prime factors of 37943?
19, 1997
What are the prime factors of 60468?
2, 3, 5039
List the prime factors of 546.
2, 3, 7, 13
List the prime factors of 143.
11, 13
List the prime factors of 1826.
2, 11, 83
List the prime factors of 161562.
2, 3, 26927
What are the prime factors of 3610?
2, 5, 19
List the prime factors of 18.
2, 3
What are the prime factors of 13181?
7, 269
List the prime factors of 1258.
2, 17, 37
List the prime factors of 12816.
2, 3, 89
List the prime factors of 40189.
40189
What are the prime factors of 23?
23
What are the prime factors of 2308?
2, 577
List the prime factors of 8368.
2, 523
List the prime factors of 5542.
2, 17, 163
List the prime factors of 197.
197
List the prime factors of 90263.
90263
What are the prime factors of 1196?
2, 13, 23
What are the prime factors of 2479?
37, 67
What are the prime factors of 1987?
1987
What are the prime factors of 10588?
2, 2647
What are the prime factors of 61702?
2, 30851
List the prime factors of 1089.
3, 11
List the prime factors of 375.
3, 5
List the prime factors of 4562.
2, 2281
What are the prime factors of 18398?
2, 9199
List the prime factors of 3995.
5, 17, 47
List the prime factors of 155808.
2, 3, 541
What are the prime factors of 2298?
2, 3, 383
List the prime factors of 1791.
3, 199
List the prime factors of 13650.
2, 3, 5, 7, 13
What are the prime factors of 15880?
2, 5, 397
What are the prime factors of 25733?
25733
List the prime factors of 777.
3, 7, 37
What are the prime factors of 511?
7, 73
List the prime factors of 1117.
1117
What are the prime factors of 1056?
2, 3, 11
List the prime factors of 889.
7, 127
List the prime factors of 5245.
5, 1049
What are the prime factors of 4147?
11, 13, 29
What are the prime factors of 4717?
53, 89
List the prime factors of 545.
5, 109
List the prime factors of 20418.
2, 3, 41, 83
List the prime factors of 14790.
2, 3, 5, 17, 29
What are the prime factors of 87623?
87623
What are the prime factors of 7077?
3, 7, 337
List the prime factors of 1776.
2, 3, 37
What are the prime factors of 5642?
2, 7, 13, 31
What are the prime factors of 8988?
2, 3, 7, 107
List the prime factors of 54550.
2, 5, 1091
What are the prime factors of 8753?
8753
List the prime factors of 1070.
2, 5, 107
What are the prime factors of 7270?
2, 5, 727
List the prime factors of 1965.
3, 5, 131
What are the prime factors of 18239?
13, 23, 61
What are the prime factors of 25852?
2, 23, 281
List the prime factors of 152558.
2, 7, 17, 641
What are the prime factors of 5924?
2, 1481
What are the prime factors of 22425?
3, 5, 13, 23
What are the prime factors of 986?
2, 17, 29
What are the prime factors of 47248?
2, 2953
What are the prime factors of 8459?
11, 769
List the prime factors of 159.
3, 53
What are the prime factors of 18193?
7, 23, 113
List the prime factors of 4812.
2, 3, 401
What are the prime factors of 604?
2, 151
What are the prime factors of 3857?
7, 19, 29
What are the prime factors of 10252?
2, 11, 233
What are the prime factors of 2231?
23, 97
List the prime factors of 7794.
2, 3, 433
What are the prime factors of 626?
2, 313
List the prime factors of 181473.
3, 241, 251
List the prime factors of 101272.
2, 12659
List the prime factors of 774.
2, 3, 43
List the prime factors of 108.
2, 3
What are the prime factors of 54?
2, 3
What are the prime factors of 26336?
2, 823
What are the prime factors of 4365?
3, 5, 97
What are the prime factors of 70438?
2, 41, 859
List the prime factors of 55302.
2, 3, 13, 709
List the prime factors of 29131.
29131
List the prime factors of 16917.
3, 5639
What are the prime factors of 3592?
2, 449
What are the prime factors of 34?
2, 17
What are the prime factors of 2558?
2, 1279
List the prime factors of 66088.
2, 11, 751
What are the prime factors of 639?
3, 71
List the prime factors of 2533.
17, 149
List the prime factors of 613.
613
List the prime factors of 411.
3, 137
List the prime factors of 6308.
2, 19, 83
What are the prime factors of 36794?
2, 18397
List the prime factors of 1012.
2, 11, 23
List the prime factors of 17520.
2, 3, 5, 73
What are the prime factors of 55012?
2, 17, 809
List the prime factors of 50707.
50707
What are the prime factors of 1527?
3, 509
List the prime factors of 3624.
2, 3, 151
List the prime factors of 1238.
2, 619
List the prime factors of 17225.
5, 13, 53
List the prime factors of 20752.
2, 1297
What are the prime factors of 24453?
3, 11, 13, 19
List the prime factors of 41663.
61, 683
What are the prime factors of 1482?
2, 3, 13, 19
List the prime factors of 3256.
2, 11, 37
List the prime factors of 160643.
7, 53, 433
What are the prime factors of 1109?
1109
What are the prime factors of 769?
769
What are the prime factors of 819?
3, 7, 13
What are the prime factors of 43288?
2, 7, 773
List the prime factors of 12884.
2, 3221
What are the prime factors of 25800?
2, 3, 5, 43
List the prime factors of 12.
2, 3
What are the prime factors of 6124?
2, 1531
List the prime factors of 3013.
23, 131
List the prime factors of 1410.
2, 3, 5, 47
What are the prime factors of 23547?
3, 47, 167
List the prime factors of 10126.
2, 61, 83
What are the prime factors of 4590?
2, 3, 5, 17
What are the prime factors of 112709?
41, 2749
List the prime factors of 50647.
50647
What are the prime factors of 11618?
2, 37, 157
What are the prime factors of 2133?
3, 79
List the prime factors of 5129.
23, 223
List the prime factors of 7265.
5, 1453
What are the prime factors of 6556?
2, 11, 149
What are the prime factors of 333?
3, 37
List the prime factors of 1262.
2, 631
What are the prime factors of 11208?
2, 3, 467
List the prime factors of 1391.
13, 107
What are the prime factors of 5338?
2, 17, 157
What are the prime factors of 15042?
2, 3, 23, 109
List the prime factors of 63913.
63913
List the prime factors of 127140.
2, 3, 5, 13, 163
List the prime factors of 9020.
2, 5, 11, 41
List the prime factors of 106057.
7, 109, 139
What are the prime factors of 3863?
3863
List the prime factors of 1509.
3, 503
What are the prime factors of 299?
13, 23
What are the prime factors of 13691?
13691
List the prime factors of 23177.
7, 11, 43
What are the prime factors of 164298?
2, 3, 139, 197
What are the prime factors of 1638?
2, 3, 7, 13
What are the prime factors of 37136?
2, 11, 211
What are the prime factors of 5383?
7, 769
What are the prime factors of 1231?
1231
What are the prime factors of 7278?
2, 3, 1213
What are the prime factors of 1364?
2, 11, 31
List the prime factors of 333.
3, 37
List the prime factors of 44977.
41, 1097
List the prime factors of 61041.
3, 20347
List the prime factors of 1815.
3, 5, 11
List the prime factors of 380.
2, 5, 19
What are the prime factors of 1600?
2, 5
What are the prime factors of 16867?
101, 167
What are the prime factors of 3223?
11, 293
List the prime factors of 192.
2, 3
What are the prime factors of 63003?
3, 21001
What are the prime factors of 37865?
5, 7573
What are the prime factors of 5009?
5009
What are the prime factors of 655?
5, 131
List the prime factors of 884.
2, 13, 17
List the prime factors of 64227.
3, 79, 271
List the prime factors of 3842.
2, 17, 113
What are the prime factors of 3894?
2, 3, 11, 59
What are the prime factors of 110904?
2, 3, 4621
What are the prime factors of 64458?
2, 3, 3581
What are the prime factors of 1947?
3, 11, 59
List the pr